{"id":97,"date":"2019-09-18T03:29:26","date_gmt":"2019-09-18T03:29:26","guid":{"rendered":"https:\/\/actionfactory.fi\/?page_id=97"},"modified":"2024-11-02T14:10:30","modified_gmt":"2024-11-02T14:10:30","slug":"kartta","status":"publish","type":"page","link":"https:\/\/actionfactory.fi\/?page_id=97","title":{"rendered":"Kartta"},"content":{"rendered":"\nActionfactory\n\nKoulumestarintie 13 B,\n00680 Helsinki\n\nPuh : 044 0627752\nwww.actionfactory.fi@gmail.com\n\nUudet aukioloajat:\n\nMA-PE 15 &#8211; 20 LA-SU 15 &#8211; 17\n\nKoulumestarintie 13b, 00680 Helsinki\n\nVaraukset 044 0627752\n\nNyt syksyll\u00e4 saat ilmaisen kuljetuksen py\u00f6r\u00e4llesi huollon tai korjauksen yhteydess\u00e4. (poislukien erikoispy\u00f6r\u00e4t ja osa s\u00e4hk\u00f6py\u00f6rist\u00e4)\n\n\nPy\u00f6r\u00e4huolto It\u00e4-Pakila 00680 l\u00e4hialueet: Py\u00f6r\u00e4huolto L\u00e4nsi-Pakila 00660, Py\u00f6r\u00e4huolto Palohein\u00e4 00670, Py\u00f6r\u00e4huolto Torpparinm\u00e4ki 00690, Py\u00f6r\u00e4huolto Oulunkyl\u00e4 00640, Py\u00f6r\u00e4huolto Mets\u00e4l\u00e4 00620, Py\u00f6r\u00e4huolto Maunula 00630, Py\u00f6r\u00e4huolto Patola 00640, Py\u00f6r\u00e4huolto Ver\u00e4j\u00e4m\u00e4ki 00650, py\u00f6r\u00e4huollot, tule k\u00e4ym\u00e4\u00e4n laitetaan py\u00f6r\u00e4 kuntoon.\n\n\n<iframe loading=\"lazy\" src=\"https:\/\/www.google.com\/maps\/embed?pb=!1m17!1m11!1m3!1d1206.239110464062!2d24.95216775456384!3d60.24780665585328!2m2!1f0!2f0!3m2!1i1024!2i768!4f13.1!3m3!1m2!1s0x4692083af2a95ab1%3A0xb638c630a3190de8!2sKoulumestarintie%2013%2C%2000680%20Helsinki!5e1!3m2!1sfi!2sfi!4v1568777574559!5m2!1sfi!2sfi\" style=\"border:0;\" allowfullscreen=\"\" width=\"900\" height=\"450\" frameborder=\"0\"><\/iframe>\n","protected":false},"excerpt":{"rendered":"<p>Actionfactory Koulumestarintie 13 B, 00680 Helsinki Puh : 044 0627752 www.actionfactory.fi@gmail.com Uudet aukioloajat: MA-PE 15 &#8211; 20 LA-SU 15 &#8211; 17 Koulumestarintie 13b, 00680 Helsinki Varaukset 044 0627752 Nyt syksyll\u00e4 saat ilmaisen kuljetuksen py\u00f6r\u00e4llesi huollon tai korjauksen yhteydess\u00e4. (poislukien erikoispy\u00f6r\u00e4t ja osa s\u00e4hk\u00f6py\u00f6rist\u00e4) Py\u00f6r\u00e4huolto It\u00e4-Pakila 00680 l\u00e4hialueet: Py\u00f6r\u00e4huolto L\u00e4nsi-Pakila 00660, Py\u00f6r\u00e4huolto Palohein\u00e4 00670, Py\u00f6r\u00e4huolto Torpparinm\u00e4ki [&hellip;]<\/p>\n","protected":false},"author":1,"featured_media":0,"parent":0,"menu_order":0,"comment_status":"closed","ping_status":"closed","template":"","meta":{"_seopress_robots_primary_cat":"","_seopress_titles_title":"","_seopress_titles_desc":"","_seopress_robots_index":"","footnotes":""},"class_list":["post-97","page","type-page","status-publish","hentry"],"jetpack_sharing_enabled":true,"_links":{"self":[{"href":"https:\/\/actionfactory.fi\/index.php?rest_route=\/wp\/v2\/pages\/97","targetHints":{"allow":["GET"]}}],"collection":[{"href":"https:\/\/actionfactory.fi\/index.php?rest_route=\/wp\/v2\/pages"}],"about":[{"href":"https:\/\/actionfactory.fi\/index.php?rest_route=\/wp\/v2\/types\/page"}],"author":[{"embeddable":true,"href":"https:\/\/actionfactory.fi\/index.php?rest_route=\/wp\/v2\/users\/1"}],"replies":[{"embeddable":true,"href":"https:\/\/actionfactory.fi\/index.php?rest_route=%2Fwp%2Fv2%2Fcomments&post=97"}],"version-history":[{"count":9,"href":"https:\/\/actionfactory.fi\/index.php?rest_route=\/wp\/v2\/pages\/97\/revisions"}],"predecessor-version":[{"id":399,"href":"https:\/\/actionfactory.fi\/index.php?rest_route=\/wp\/v2\/pages\/97\/revisions\/399"}],"wp:attachment":[{"href":"https:\/\/actionfactory.fi\/index.php?rest_route=%2Fwp%2Fv2%2Fmedia&parent=97"}],"curies":[{"name":"wp","href":"https:\/\/api.w.org\/{rel}","templated":true}]}}